vided by 151?
28
What is the remainder when 1370092 is divided by 370?
352
What is the remainder when 2101218 is divided by 615?
378
What is the remainder when 36022 is divided by 11961?
139
What is the remainder when 38988 is divided by 9306?
1764
What is the remainder when 514957 is divided by 3677?
177
What is the remainder when 1514839 is divided by 189340?
119
What is the remainder when 227999 is divided by 164?
39
Calculate the remainder when 84726206 is divided by 499.
497
What is the remainder when 339211 is divided by 229?
62
What is the remainder when 3391580 is divided by 24?
20
Calculate the remainder when 86028 is divided by 8581.
218
Calculate the remainder when 208619 is divided by 81.
44
Calculate the remainder when 633002 is divided by 267.
212
What is the remainder when 13479338 is divided by 5286?
38
What is the remainder when 429728819 is divided by 10?
9
Calculate the remainder when 434249 is divided by 242.
101
What is the remainder when 10743162 is divided by 94?
90
What is the remainder when 114078943 is divided by 3259398?
13
What is the remainder when 6377457 is divided by 6022?
159
What is the remainder when 352492 is divided by 15082?
5606
Calculate the remainder when 1194689 is divided by 10.
9
Calculate the remainder when 14227612 is divided by 171417.
1
What is the remainder when 208075 is divided by 415?
160
Calculate the remainder when 201601 is divided by 50298.
409
Calculate the remainder when 20093679 is divided by 88.
23
Calculate the remainder when 6161 is divided by 2812.
537
What is the remainder when 736895 is divided by 225?
20
What is the remainder when 1690046511 is divided by 3892?
3891
What is the remainder when 1509113 is divided by 10553?
34
Calculate the remainder when 35659 is divided by 35402.
257
Calculate the remainder when 29152914 is divided by 53.
52
What is the remainder when 2875610 is divided by 1437773?
64
Calculate the remainder when 26209 is divided by 231.
106
Calculate the remainder when 35542581 is divided by 616.
613
What is the remainder when 1922345 is divided by 1496?
1481
Calculate the remainder when 318492 is divided by 7959.
132
Calculate the remainder when 84451 is divided by 2576.
2019
Calculate the remainder when 34022245 is divided by 41440.
5
What is the remainder when 158148 is divided by 3226?
74
Calculate the remainder when 302273 is divided by 3795.
2468
Calculate the remainder when 3914644 is divided by 1957311.
22
What is the remainder when 2328516 is divided by 8085?
36
What is the remainder when 858933 is divided by 171770?
83
Calculate the remainder when 243910102 is divided by 1016.
1014
Calculate the remainder when 1364732 is divided by 1364714.
18
What is the remainder when 7932934 is divided by 36?
10
Calculate the remainder when 226912 is divided by 4121.
257
Calculate the remainder when 541067207 is divided by 3476.
3475
What is the remainder when 7198 is divided by 135?
43
What is the remainder when 42113143 is divided by 833?
828
What is the remainder when 94909436 is divided by 740?
736
Calculate the remainder when 1102590 is divided by 1314.
144
Calculate the remainder when 286256 is divided by 286023.
233
Calculate the remainder when 375568 is divided by 735.
718
What is the remainder when 17222 is divided by 2369?
639
What is the remainder when 198365 is divided by 409?
0
Calculate the remainder when 27137776 is divided by 7.
1
Calculate the remainder when 2527666 is divided by 44345.
1
What is the remainder when 2092321 is divided by 2157?
31
What is the remainder when 25020887 is divided by 758?
65
Calculate the remainder when 692053 is divided by 193.
148
What is the remainder when 1793 is divided by 1680?
113
What is the remainder when 870392 is divided by 870380?
12
Calculate the remainder when 137933 is divided by 1191.
968
Calculate the remainder when 165161 is divided by 950.
811
What is the remainder when 16653 is divided by 7097?
2459
Calculate the remainder when 194813 is divided by 31006.
8777
Calculate the remainder when 45531828 is divided by 29.
1
Calculate the remainder when 713160058 is divided by 1340.
1338
Calculate the remainder when 29865858 is divided by 787.
782
Calculate the remainder when 3274869 is divided by 858.
741
What is the remainder when 12165691 is divided by 5763?
5761
What is the remainder when 592088 is divided by 741?
29
Calculate the remainder when 8509452 is divided by 512.
12
What is the remainder when 236947362 is divided by 265?
262
What is the remainder when 33812499 is divided by 45?
39
What is the remainder when 201030 is divided by 656?
294
What is the remainder when 104129 is divided by 101885?
2244
What is the remainder when 2562847 is divided by 854279?
10
Calculate the remainder when 680626 is divided by 687.
496
Calculate the remainder when 58901 is divided by 495.
491
What is the remainder when 31995247 is divided by 1945?
1942
Calculate the remainder when 561571 is divided by 89.
70
Calculate the remainder when 4625278 is divided by 1980.
1978
What is the remainder when 474164 is divided by 225?
89
What is the remainder when 2073443 is divided by 60978?
191
What is the remainder when 8848902 is divided by 19708?
10
Calculate the remainder when 14699 is divided by 14678.
21
Calculate the remainder when 1470070 is divided by 734780.
510
What is the remainder when 46671 is divided by 6605?
436
What is the remainder when 928627 is divided by 31?
22
Calculate the remainder when 2844494 is divided by 1885.
29
Calculate the remainder when 10731430 is divided by 3249.
3232
What is the remainder when 31048792 is divided by 1360?
1352
What is the remainder when 34450149 is divided by 1038?
1005
Calculate the remainder when 232949 is divided by 298.
211
Calculate the remainder when 2966146 is divided by 29.
26
What is the remainder when 1148204 is divided by 46?
44
What is the remainder when 36127 is divided by 28355?
7772
Calculate the remainder when 1251990 is divided by 125030.
1690
What is the remainder when 218668 is divided by 16?
12
Calculate the remainder when 119406 is divided by 263.
4
Calculate the remainder when 2453084 is divided by 27.
26
Calculate the remainder when 2358549 is divided by 606.
603
What is the remainder when 148071104 is divided by 13?
12
Calculate the remainder when 3531664 is divided by 1765816.
32
Calculate the remainder when 8385263 is divided by 4014.
17
What is the remainder when 24665762 is divided by 224?
2
What is the remainder when 512797079 is divided by 236?
231
What is the remainder when 33149 is divided by 1159?
697
Calculate the remainder when 551604 is divided by 1753.
1162
What is the remainder when 3073584 is divided by 10938?
6
Calculate the remainder when 75539 is divided by 148.
59
What is the remainder when 62081377 is divided by 19?
17
Calculate the remainder when 3617463 is divided by 794.
793
What is the remainder when 1324535 is divided by 289?
48
Calculate the remainder when 3303719 is divided by 110120.
119
Calculate the remainder when 217266 is divided by 420.
126
What is the remainder when 145071460 is divided by 15?
10
Calculate the remainder when 3309565 is divided by 3309562.
3
Calculate the remainder when 515194 is divided by 36787.
176
Calculate the remainder when 3334384 is divided by 3909.
7
Calculate the remainder when 170666543 is divided by 25.
18
Calculate the remainder when 16430 is divided by 4711.
2297
What is the remainder when 3212657 is divided by 17?
14
What is the remainder when 1255676 is divided by 50?
26
What is the remainder when 10779827 is divided by 40223?
63
What is the remainder when 239348 is divided by 238977?
371
Calculate the remainder when 27641405 is divided by 166.
81
Calculate the remainder when 764736 is divided by 139.
97
Calculate the remainder when 106107 is divided by 24901.
6503
What is the remainder when 229256 is divided by 76396?
68
What is the remainder when 2642545 is divided by 588?
73
What is the remainder when 160921721 is divided by 16?
9
Calculate the remainder when 67470190 is divided by 432.
430
What is the remainder when 11347501 is divided by 365?
16
What is the remainder when 187979 is divided by 1772?
147
What is the remainder when 2977388 is divided by 2649?
2561
What is the remainde